is divided by -2*(a - t)/(-2).
10
Calculate the remainder when 19 is divided by (3 + (-21)/6)*-24.
7
Let i be 6/5*(-5)/(-2). Suppose 2*k = -2*m + 3*k + 6, -i*m + 6 = -3*k. Let w(y) = -y**2 - 13*y - 3. What is the remainder when w(-12) is divided by m?
1
Let n(g) = -g**2 - 12*g + 2. Let x be n(-12). Calculate the remainder when 52 is divided by x/7 + (-248)/(-14).
16
Let j(l) = -5*l - 2. Let u(z) = -z - 1. Let o be u(-5). Suppose d + 13 = 2*w, -14 = -o*d - 2. What is the remainder when j(-5) is divided by w?
7
Let s be (-63)/(-28) - (-1)/(-4). Suppose -s*r + 38 = 2. Calculate the remainder when 32 is divided by r.
14
Let a(g) = -3*g - 13. Let n(r) = r + 6. Let h(v) = 2*a(v) + 5*n(v). What is the remainder when h(-7) is divided by 6?
5
Let h be ((-32)/10)/(6/(-30)). Let w = h + -5. Suppose 5*c - 18 = y - 0, -4*y + 4 = -c. What is the remainder when w is divided by c?
3
Let n(l) = 3*l**2 - 4*l + 2. Suppose -8 = -5*a - 2*r - 0*r, 4*a + 3*r - 5 = 0. Let t = a + 4. What is the remainder when n(3) is divided by t?
5
Let u be (3/(-2))/(24/(-32)). Suppose -43 = -u*l + c, 0*l - 2*c = 2*l - 28. Calculate the remainder when 33 is divided by l.
14
Let i(a) = 4 + 4*a - 7*a - 3. Let d(x) = x**2 - 10*x + 12. Calculate the remainder when i(-7) is divided by d(10).
10
Suppose 0 = 2*u - 8*i + 3*i + 30, -u + 2*i - 14 = 0. Let y = u - -32. What is the remainder when y is divided by 12?
10
Let x = -11 + 29. What is the remainder when 35 is divided by x?
17
Calculate the remainder when 107 is divided by 3/((-2)/(-18)*1).
26
Suppose 14 = -2*a - 3*x + 42, -x = 2*a - 24. Suppose 74*n - 70*n = 28. What is the remainder when a is divided by n?
4
Suppose 109 + 11 = 2*v. Calculate the remainder when v is divided by 16.
12
Let k = -4 + 17. Let g = 21 - k. Calculate the remainder when 28 is divided by g.
4
Let n = -145 - -155. What is the remainder when n is divided by 12/(-10)*5/(-2)?
1
Let i(n) = 3*n**2 - 4*n + 1. Let k be i(5). Let d = 82 - k. What is the remainder when d is divided by 14?
12
Let w(c) = -c**3 - 3*c**2 - 3*c + 1. Let p be w(-5). Let q = p - 38. Calculate the remainder when q is divided by 10.
8
Suppose 0 = -8*l + 7*l + 35. Let c = l - 10. Let x(a) = -4*a - 7. What is the remainder when c is divided by x(-5)?
12
Let w = 133 + -99. Calculate the remainder when 166 is divided by w.
30
Suppose 4*c - 72 = -2*q, -153 = -4*q - 4*c - c. Calculate the remainder when q is divided by 11.
9
Let n = 23 - 16. Suppose -4*w + 13 = -n. Let r = -53 + 57. What is the remainder when w is divided by r?
1
Suppose -128 = 21*k - 25*k. Suppose p - k = -2*y - 0*y, -y = 4*p - 121. What is the remainder when p is divided by 11?
8
Suppose -3*z - 7 = -j - 4*j, -5*z + 40 = 2*j. Suppose 0*f + 55 = 5*f. Calculate the remainder when f is divided by z.
5
Suppose 10 = 4*m + m. Suppose -5*f = -4*f - m. What is the remainder when 2 is divided by f?
0
Let a(y) = -7*y**3 + 3*y**2 + 2*y + 3. Let v be a(-2). Suppose -j + 2*j = v. Calculate the remainder when j is divided by 23.
21
Calculate the remainder when 55 is divided by ((-100)/(-30))/((-1)/(-6)).
15
Suppose -650 = -23*b + 10*b. What is the remainder when 98 is divided by b?
48
Suppose -276 = -0*x - 12*x. What is the remainder when x is divided by 7?
2
Suppose 3*r = -3*f + 108, 2*f - 3*r = -0*r + 77. What is the remainder when f is divided by 19?
18
Suppose 3*l + 2*t = 57, l - 3*l + 5*t = -57. Let s = -3 + l. What is the remainder when s is divided by 10?
8
Let n = 120 + -65. Suppose -4*z = -3*z - n. Calculate the remainder when z is divided by 28.
27
Let o(p) = -2*p + 6. Let q be o(6). Let k = -1 - q. Suppose 4*j - 3*d = 52, 19 = 2*j + 5*d - 7. What is the remainder when j is divided by k?
3
Suppose 3*s = c - 5, -c + 4*s = 9*s - 5. Let m(l) = -9*l - 1. Calculate the remainder when m(-2) is divided by c.
2
Suppose 2*n = 5*j + 258, n = -3*n - 5*j + 546. What is the remainder when n is divided by 27?
26
Let p = 38 + -11. Calculate the remainder when 105 is divided by p.
24
Suppose i - 28 = -5*b, 4*i - 50 = 3*b + 16. Let p(g) = -2*g**3 - 7*g**2 - 6*g - 6. What is the remainder when p(-4) is divided by i?
16
Let j(l) = l**2 + 2*l - 3. Let f = 8 + -6. Let r = f - -1. What is the remainder when j(-4) is divided by r?
2
Suppose 0 = b - 0*b - 16. Suppose 5*c + 2 - 152 = 0. Calculate the remainder when c is divided by b.
14
Let z = 18 - 7. Let t = z - 6. Suppose -5*n + 18 = -0*n - 3*l, t*l - 1 = -2*n. Calculate the remainder when 8 is divided by n.
2
Suppose 16*x - 20*x + 140 = 0. Calculate the remainder when 104 is divided by x.
34
Suppose 0 = -4*o - 0*o + 252. Let g = 42 - 26. Calculate the remainder when o is divided by g.
15
Suppose 0 = 4*f - n - 41, 0 = -n - 4 - 1. What is the remainder when f is divided by 3?
0
Let v = 77 + -46. Suppose 3 = -u + 2. Let g = 12 + u. Calculate the remainder when v is divided by g.
9
Let g = -123 - -129. Calculate the remainder when 39 is divided by g.
3
Suppose 3*j - j = -4. Let l be (7 + 0)/(1 + j). Let v = l - -8. What is the remainder when 1 is divided by v?
0
Let b(h) = -h**2 + 5*h + 7. Suppose 0 = -4*d + 6*d - 48. Calculate the remainder when d is divided by b(5).
3
Suppose 25*k = 23*k + 386. Suppose -3*u + 7*u = -3*s + k, 5*s + 25 = 0. What is the remainder when u is divided by 27?
25
Suppose 4*j - 3*t = -51, 4*j = 3*j + 3*t - 6. Calculate the remainder when 37 is divided by 2/6 + (-190)/j.
11
Suppose 0*t - 4*t = -40. Suppose -2*o + o + t = 0. What is the remainder when -1 - (-1 - -91)/(-3) is divided by o?
9
Suppose -11*r + 288 = r. What is the remainder when 79 is divided by r?
7
Let v = 19 + -11. Suppose 0*x - 4*x = -v. Calculate the remainder when 3 is divided by x.
1
Suppose -m + 28 = -0*m. Let a = 0 + 20. Let k = 35 - a. Calculate the remainder when m is divided by k.
13
Let g(u) = 5 + u + u**2 - u - 3*u. What is the remainder when g(6) is divided by 12?
11
Let p = -57 + 140. What is the remainder when p is divided by 21?
20
Let o be 3 + -3 + 5 + -2. Suppose -82 = -3*j - 5*f, -5*j + 81 - 1 = -o*f. Calculate the remainder when j is divided by 7.
5
Let a = 6 - -15. Let j be (-1)/(3 + 1 - 3). Let p(x) = 40*x**2 - x - 1. Calculate the remainder when p(j) is divided by a.
19
Let a be (-2)/4 - (-58)/4. Let m be (-4)/a*(-6 + -1). Suppose 0 = -2*k - 4*v - m, -4*k - 5*v = -3*k + 16. Calculate the remainder when 25 is divided by k.
7
Let w(g) = 8*g + 3. What is the remainder when w(9) is divided by -1*3*(-152)/24?
18
Let x be 51/(-12)*-1*4. Suppose -g + 2*g = x. What is the remainder when g is divided by 9?
8
Suppose 7*q = 4*q + 51. Suppose -2*u = -u - q. What is the remainder when u is divided by 5?
2
Let v(t) = -t**2 - 3 - 2 + 0*t + 6*t. Let m be v(5). Suppose n - 4 = -m*n. Calculate the remainder when 10 is divided by n.
2
Let d(r) be the third derivative of r**6/120 + 2*r**5/15 - r**4/12 + r**2. Let s be 74/(-9) + (-6)/(-27). What is the remainder when d(s) is divided by 9?
7
Let n = -9 + 10. Calculate the remainder when ((-25)/20)/(n/(-60)) is divided by 19.
18
Let t(x) = x + 6. Let l be 4/6 + (-93)/(-9). What is the remainder when t(l) is divided by 6?
5
What is the remainder when -57*((-4)/6 - 0) is divided by 3/((-27)/12)*-15?
18
Suppose -42 - 21 = -3*o. Suppose -2*f + f + o = 0. Let p = 71 + -31. Calculate the remainder when p is divided by f.
19
Let s(p) = p**3 - 25*p**2 + 46*p + 4. Calculate the remainder when 6 is divided by s(23).
2
Suppose -10*l + 11*l = 18. Let t = -42 + 75. What is the remainder when t is divided by l?
15
Suppose 2*h + 75 = 5*j, -4*h + 0*h = 0. What is the remainder when j is divided by 9?
6
Let t(u) be the second derivative of u**5/20 + u**4/2 + u**3/3 - 7*u**2/2 + 4*u. Calculate the remainder when 39 is divided by t(-3).
11
Suppose 4*v - 405 = w, 5*w + 360 = 2*v + 135. Suppose 0 = 4*g - 0*g - v. Suppose -g + 9 = -4*s. What is the remainder when 5 is divided by s?
1
Suppose 4*j + 0*j + 4*u = 24, -2*j = 5*u. What is the remainder when j is divided by 9?
1
Let n(h) = -2*h + 32. Calculate the remainder when 34 is divided by n(13).
4
Let o be 60 - (-2 + (2 - -2)). Suppose -2*z = 3*m + 2*z - 94, -4*z - o = -m. Let g = 26 - 13. Calculate the remainder when m is divided by g.
12
Suppose 28 = -3*k + 7*k. Let d be (2 - -3) + (-1 - -3). Let o = k + d. What is the remainder when 39 is